 0 = -0*x - 2*x - 16. Suppose -5*m - 8 = -m. Let c = m - x. List the prime factors of c.
2, 3
Suppose -8 + 3 = u. Let t be ((-7)/(-2))/(u/(-70)). Suppose -4*l = -23 - t. List the prime factors of l.
2, 3
Let c = -43 + 71. List the prime factors of c.
2, 7
Let g = -94 - -184. Suppose 3*a - g - 81 = 0. What are the prime factors of a?
3, 19
What are the prime factors of (-1)/9 - 2149/(-63)?
2, 17
Suppose 4*g = -3*h - 2*h - 45, 2*h + 22 = -2*g. Let w(q) = -2*q + 6. Let c be w(6). What are the prime factors of (c/(-5))/((-4)/g)?
3
Let u(o) = -6*o + 7. List the prime factors of u(-6).
43
Let f be (-3)/(-12) - 11/(-4). Let q(o) = 6*o - 8*o**2 + 0*o**f + o**3 + 3 + o. List the prime factors of q(7).
3
Let j(l) = 4*l**3 - l**2. Let i be j(1). Suppose 28 = 4*o + i*p - 59, -2*p = -o + 8. List the prime factors of o.
2, 3
Let n(h) = -h**3 - 9*h**2 + 8*h - 13. What are the prime factors of n(-10)?
7
Let h(o) = -o**3 + 9*o**2 - 7*o. Let p be h(8). Suppose 4*a - 32 = -p. Suppose -a = 4*s - 42. What are the prime factors of s?
3
Let s(d) = -d**3 + 2*d**2 + d - 2. Let z be s(2). Suppose z = -5*r + 14 + 6. What are the prime factors of r?
2
Let m = -56 - -32. Let l(q) = -q**2 + 6*q - 1. Let z be l(5). List the prime factors of (-2)/z*m/4.
3
Let j(a) = a**3 + 9*a**2 + 6*a - 5. What are the prime factors of j(-7)?
3, 17
Suppose 4 = 3*w - 2. Suppose w*f = -0 + 8. Suppose -f*p + 2*d - d + 35 = 0, -4*d = p - 13. What are the prime factors of p?
3
Let h = 136 + -15. List the prime factors of h.
11
What are the prime factors of 1 - (1 - (8 + 1))?
3
Let c = 5 - 1. Suppose -5*f = -c*f - 3. Suppose 2*a - 11 = f. List the prime factors of a.
7
Let q = 5 + 1. Let n(u) be the second derivative of u**3/3 - u**2/2 + u. What are the prime factors of n(q)?
11
Let l(k) = -9*k + 8. Let i(r) = -4*r + 4. Let j(v) = -5*i(v) + 2*l(v). List the prime factors of j(9).
2, 7
Let g(r) = 3*r**2 + 2*r + 1. Let o = -4 + 1. Let p be g(o). Suppose 0 = 4*z - p - 10. What are the prime factors of z?
2
Suppose -2*u + 3*b + 190 = 3*u, -5*b = 0. Suppose -u = -2*h + 42. List the prime factors of h.
2, 5
Suppose -p - v - 3 = -3*p, 0 = -p - 5*v - 4. What are the prime factors of p*-2*259/(-14)?
37
Suppose 3*x - 7 = 17. Let j(s) = -s - 11 + 8*s - 12*s + 7*s. What are the prime factors of j(x)?
5
Suppose -v = -0*v - 42. What are the prime factors of v?
2, 3, 7
Let m = 9 - 13. Let p(j) = -j**2 - 7*j - 6. What are the prime factors of p(m)?
2, 3
Let k(j) be the first derivative of -1/3*j**3 - 2 - 7/2*j**2 + 6*j. What are the prime factors of k(-6)?
2, 3
Suppose 0 = -3*z - 3*u - 21, z + 0*u = 2*u - 4. What are the prime factors of 99/z*8/(-6)?
2, 11
Let n be (-2 - 0)/(-4)*2. List the prime factors of n + 2 + (0 - 1).
2
Suppose 446 = 10*w - 304. List the prime factors of w.
3, 5
Suppose 0 = 4*c + 3*n + 1 - 22, 2*c + 3 = 3*n. Let h be (2 - 1)*(c + 17). Suppose 0 = -o - 5 + h. What are the prime factors of o?
3, 5
Suppose 2*b - 3*b = 0. Suppose b = f - g - 8, -4*g = 2*f - 2*g - 16. What are the prime factors of f?
2
Let m = 8 - 5. Suppose 4*c - 5*a = 35 - 14, 5*a + 28 = -m*c. What are the prime factors of (0 + c)*(-12 + -1)?
13
Let n(v) = 2*v - 13. Let s be n(7). Suppose -s = -3*l + 5, 2*x + 2*l - 32 = 0. List the prime factors of x.
2, 7
Suppose 5*s = 2*s. Let b be (4 - 1) + s + 0. Suppose -g + 8 = b*j, 2*j - 24 = j + 5*g. List the prime factors of j.
2
Let c(z) = -5*z + 6*z + z - 7 + 4*z. What are the prime factors of c(5)?
23
Let p(w) = w**3 - 8*w**2 - 4*w + 7. What are the prime factors of p(10)?
167
Let p(o) = o**2 - 6*o + 5. Let l be p(6). Suppose 30 = -l*d - x, -3*d + x = -1 + 11. Let u = d + 13. List the prime factors of u.
2
Suppose -2*s + c + 15 = 0, 0 = -2*s - 3*c + c. Suppose w = 3*v - 23 - 20, -s*w - 35 = -3*v. List the prime factors of v.
3, 5
Let r = -18 + 57. List the prime factors of r.
3, 13
Let x = 46 + -23. What are the prime factors of x?
23
Let r be 3*(-2)/6*4. List the prime factors of (5/r)/(1/(-4)).
5
Let o = 4 + 6. Suppose -3*m + 5 = -o. Suppose 2*i + 36 = m*i. List the prime factors of i.
2, 3
Let q(f) = -f**2 - 9*f + 5. Let o be q(-8). Suppose o = d - 11. List the prime factors of d.
2, 3
Let c = 5 - 1. Let i = 5 + c. Suppose 0 = -v - 4 + i. What are the prime factors of v?
5
Let l(q) = -q**2 + 2*q - 6. Let c be l(7). Let y = c + 61. Suppose -4*p + y = -2*p. What are the prime factors of p?
2, 5
Let o be 3*(-2)/(-3) + -5. List the prime factors of (-42)/9*(0 + o).
2, 7
Let c(k) = -k - 3. Let m(v) = v**2 + 5*v - 2. Let x be m(-4). Let u be c(x). Suppose 5*f - 59 = -t, 20 + 25 = 3*f + u*t. What are the prime factors of f?
11
What are the prime factors of 1 + 81 + (29 - 27)?
2, 3, 7
Let l(v) = 52*v**3 + v**2. What are the prime factors of l(1)?
53
Let b(t) = 16*t + 16. What are the prime factors of b(5)?
2, 3
Suppose 13*v = 15*v - 148. What are the prime factors of v?
2, 37
Let q(t) = -t**2 - 6*t + 7. Let l = 14 + -10. Suppose 21 = -l*h + 1. List the prime factors of q(h).
2, 3
Let g(p) = -p + 12. Let k be g(9). What are the prime factors of k/6*10*8?
2, 5
Suppose 2*u = 4*w - 422, 4*w + w = -5*u + 550. What are the prime factors of w?
107
List the prime factors of (-2)/(-4)*(-3 + 45).
3, 7
Let h(i) = -i. Let w be h(0). Let k be 7/(14/(-4)) - w. List the prime factors of 2 - 2 - (k + 0).
2
Let k(m) = -m**3 + 21*m**2 + 27*m - 55. What are the prime factors of k(22)?
5, 11
Let i = 2 + 75. What are the prime factors of i?
7, 11
Suppose -3*b - 156 + 48 = 0. Let q = 50 + b. List the prime factors of q.
2, 7
Suppose -3*q = n - 69, -3*q + 0*q = -5*n - 51. What are the prime factors of q?
2, 11
Let n(u) = -u + 11. What are the prime factors of n(-15)?
2, 13
Let d = 1 - -2. Suppose 0*i - d*i - 2*z = -41, -3*z + 70 = 5*i. Suppose 5*v - 11 = 2*c - 0*c, 0 = -3*v - 4*c + i. List the prime factors of v.
3
What are the prime factors of -7*4/(4/(-7))?
7
Let i(w) = -7*w**3 + w**2 - 1. Let d(s) = 7*s**3 - s**2 + s + 2. Let j(t) = 2*d(t) + 3*i(t). What are the prime factors of j(-1)?
7
Let s = 5 - 2. Suppose -130 = -s*y + 2. What are the prime factors of y?
2, 11
Let m(w) = w**3 + w**2 - 2*w - 5. What are the prime factors of m(4)?
67
Suppose 5*z - 2*v - 296 = 0, -z - 3*v + 19 = -30. List the prime factors of z.
2, 29
Let b(w) be the second derivative of -w**3/6 - w**2 + 6*w. What are the prime factors of b(-5)?
3
Suppose -44 + 13 = -u - 5*i, 53 = 3*u - 5*i. What are the prime factors of u?
3, 7
Let r = 149 + -60. Let m = r + -62. List the prime factors of m.
3
Let x be 2/(-7)*(-9 - -2). Let w be (5 - x)*(2 - 0). Suppose 0 = -h - 5*o + 13, 0*h - 2*o - w = -h. List the prime factors of h.
2
Suppose -6*d + d = 5*u - 140, 4*d = 5*u - 113. Let s = 40 - u. Suppose -n + 15 = -5*j - 0, -5*j + s = 2*n. What are the prime factors of n?
2, 5
Let v(t) = -t**3 + 5*t**2 - 3*t + 3. Suppose 5*x + 5*g + 5 = -5, 0 = g + 5. Let m be v(x). List the prime factors of (1 - -1)*m/8.
3
Let q(v) = v. Let z(b) = -b**2 - 11*b - 7. Let y(u) = -6*q(u) - z(u). What are the prime factors of y(-5)?
7
Suppose 3*z - 64 = 5*z. List the prime factors of -1*4*16/z.
2
Let a be (1 - 1) + 3 + -1. Let i be ((-1)/a)/(3/(-18)). Suppose -d = -3*o + 11, -2*o + i*d + 4 = -15. List the prime factors of o.
2
Let x be -1 + 2 + (21 - -2). Suppose -3*q + 3*p = q - x, 4*p + 20 = 4*q. What are the prime factors of q?
3
Let m(b) be the third derivative of b**6/120 - b**5/12 + 7*b**4/24 - 5*b**3/6 - 2*b**2. What are the prime factors of m(5)?
2, 3, 5
List the prime factors of ((-24)/60)/(2/(-130)).
2, 13
Let i(m) = -3*m**3 - 2*m**2 + 2*m - 1. Let u be i(1). What are the prime factors of (-5 - -7)/(u/(-46))?
23
Let s(y) = y**2 + 3*y - 6. Let d be s(-6). List the prime factors of (d/(-18))/((-2)/21).
7
Let q = -5 - -52. Suppose -z = c - 2*z - 10, 4*c - q = -3*z. What are the prime factors of c?
11
Let h = 5 + -1. Let i(t) = 2*t + h - 3*t - 2. What are the prime factors of i(-2)?
2
Let y(b) = 2*b**3 - b**2 - 2*b + 3. List the prime factors of y(3).
2, 3, 7
Suppose 2*l + 208 = 6*l. Suppose -3*z = -7*z + l. List the prime factors of z.
13
Let p(b) = 6*b**2 - 8*b + 10. List the prime factors of p(3).
2, 5
Let v = 6 + -7. Let r(n) = -16*n - 1. Let m be r(v). Suppose 0 = d + 2*q - 11, -m = -d + 2*q - 5*q. List the prime factors of d.
3
Let y(x) = 7*x**2 + 3*x 